Let v = c - 128. Is v a prime number?
False
Let r be 2/4 - 987/(-14). Suppose g - 2*i = r, -2*g + 3*i + 144 = -2*i. Is g a composite number?
False
Suppose -3*i + 376 = 121. Is i a composite number?
True
Let r(w) = 2*w + 2. Let u be (-11)/(-3) + 3/9. Suppose -u*c + 2*c = -12. Is r(c) a composite number?
True
Suppose 142 = 3*m + b, -6*m = -2*m + b - 190. Let c be m/(-1) + (2 - 5). Is 3/3 - (-1 + c) composite?
False
Let t = 3 + -3. Let s(o) = o + 2. Is s(t) composite?
False
Let u be ((-1)/2)/((-1)/12). Is (-206)/(-14) + u/21 a composite number?
True
Let p(l) = 2*l**3 + l**2 + l - 4. Let q be p(-4). Is (q/(-36))/(2/6) prime?
False
Let b(x) = 16*x + 1. Let t(k) be the first derivative of 2*k**3/3 + k**2 - 2*k - 1. Let y be t(-2). Is b(y) a prime number?
False
Let o = -5 - -7. Suppose -2*b - 14 = -o*l, 0 = -3*b - 15 + 3. Suppose 0*r = 2*w + l*r - 142, 166 = 2*w - 3*r. Is w a composite number?
True
Let i = 708 - 351. Suppose 388 + i = 5*b. Is b a composite number?
False
Let h(d) = 4*d**2 - 8*d + 15. Let l = 7 + 6. Is h(l) a prime number?
True
Let p(g) = -g**3 - 6*g**2 - g + 2. Let d = -15 + 9. Let w be p(d). Let x = w - -15. Is x a composite number?
False
Suppose 26*v - 15*v = 13849. Is v a prime number?
True
Suppose 0 = 6*m - 5*m - 213. Is m composite?
True
Suppose 3*w + 221 + 280 = 0. Let v = -100 - w. Is v a prime number?
True
Let d = -1 + -3. Let k be -2*53*(-6)/d. Let o = k + 226. Is o composite?
False
Let a(y) = 1090*y**2 + 5*y + 2. Is a(-1) prime?
True
Suppose -10*o + 11*o = -1. Is 2 + 418 + 1*o composite?
False
Let u(k) = -k**3 + 9*k**2 + 12*k + 1. Is u(-10) composite?
True
Let b(r) = -r**2 - 14*r - 17. Is b(-6) a composite number?
False
Let h(j) = 4*j**2 + 3*j + 1. Is h(3) prime?
False
Let g = -5 - 4. Let u = 11 + g. Suppose 4*r - 218 = u*r. Is r a composite number?
False
Suppose 0 = -6*h + 4*h + 4918. Is h composite?
False
Let p(s) be the second derivative of -s**5/20 - 5*s**4/12 + s**3/2 - 7*s**2/2 - 3*s. Suppose -u + 2*g - 4 = 0, -5*u + g + 2*g - 27 = 0. Is p(u) composite?
False
Let c be 43646/18 - 10/(-45). Suppose -8*g = -3*g - c. Is g a prime number?
False
Suppose -4*h - 2 = -5*d + 12, -2*h - 12 = -5*d. Suppose 21 = b + d*b - 4*t, -3*b = 4*t - 45. Is b a composite number?
False
Suppose 2*t = -3*l + 4*l + 98, -286 = 3*l - 2*t. Let b(w) = -6*w - 5. Let c be b(6). Let q = c - l. Is q a prime number?
True
Let f = -11 + 15. Suppose 2*z = f*s, -3*s - 5 = -4*z + 5. Let w = 5 - s. Is w composite?
False
Let x be -2 + (-1 - (-3 - -2)). Let q = x + 4. Suppose b = q*b - 37. Is b prime?
True
Let w(y) = 2*y**2 + 8*y + 17. Is w(-13) a prime number?
True
Let d(j) = 3*j + 5*j + 3*j - 3*j + 15. Is d(14) prime?
True
Let v be ((-3)/(-2))/((-6)/(-16)). Let d be (-10)/25 + v/10. Suppose -3*s + d*i + 4*i = -123, 3*i = -9. Is s prime?
True
Suppose 5*c + 1059 = 4*g, 3*g + 2*g - 3*c = 1340. Is g prime?
True
Let t(m) = 147*m**2 + 2*m - 1. Let k be t(1). Let p = k + -102. Is p a composite number?
True
Suppose 0*g = -2*r - 2*g + 20, -3*r = 4*g - 33. Let w = r + -4. Suppose 3*j - w*d = -0*d + 276, 371 = 4*j - 5*d. Is j prime?
True
Suppose -j = 72 - 1549. Is j a composite number?
True
Suppose 2*i + 350 = 2*r - 7*r, 214 = -3*r - 2*i. Let n = -37 - r. Is n prime?
True
Let p = -5501 + 11256. Is p a prime number?
False
Let k(c) = -c**2 + 7*c + 7. Let y be k(8). Let f be -3*1*(y + 2). Let w(n) = -43*n + 2. Is w(f) prime?
True
Let k(g) = -4*g + 1. Let y be k(-4). Let s = 160 - 100. Let c = s + y. Is c a composite number?
True
Is (-554)/((-26)/12 - 8/(-48)) composite?
False
Suppose 2*m + 534 = 2*d, 2*m = 3*d + 4*m - 801. Is d a prime number?
False
Let r be -7 + 4 + (-1 - -7). Suppose r*m - 4*m + 434 = 5*v, -3*v - 3*m = -258. Is v a prime number?
False
Let b = 13 - 1. Let v be (3 - 0)*2624/b. Is (-3)/5 + v/10 composite?
True
Let f(m) = -46*m**3 + 2*m**2 + 2*m + 1. Suppose -1 = 3*v + 2. Is f(v) prime?
True
Suppose -x + 36 = 4*b + 3*x, 3*x - 53 = -5*b. Suppose 0 = -g + b + 22. Is g a composite number?
True
Suppose 5*l - 2645 = -2*a + 146, 2*l - 2*a = 1108. Is l a prime number?
True
Let j = 26 - -391. Is j a composite number?
True
Suppose 4*y = -5*c + 185, 0 = -3*c - 4*y + 52 + 67. Is c a prime number?
False
Suppose -1 = -s - 12. Let w = s + 24. Is w a prime number?
True
Let s(r) = 113*r**2 - r + 15. Is s(7) composite?
True
Suppose -11*h = -6*h - 1655. Is h a prime number?
True
Let t(g) = g + 316. Let x be t(0). Suppose -24 = 2*j - 5*j + 4*d, 4*j - 32 = d. Is (x/j)/((-3)/(-6)) a prime number?
True
Let r(w) = w**3 - 4*w**2 + 5*w + 21. Is r(9) a prime number?
False
Let m(g) = 144*g**2 + 2*g - 1. Let b(d) = -d**3 + 2*d. Let p be b(-2). Suppose 29 = 4*i - 5*z, 4*i + 5*z = -17 - p. Is m(i) a prime number?
False
Suppose -3*o - 2*h = -0 + 11, 0 = o + 4*h - 13. Is (-14)/(-49) - 495/o prime?
True
Let p(m) = -8*m**2 - 5. Let o be p(4). Let n = -44 - o. Is n composite?
False
Suppose 26 = 4*s + 3*c, 0*c = c - 2. Let u = s + -2. Is u a composite number?
False
Is 28929/6 + -3*(-3)/(-18) prime?
False
Let l be (-12)/(-16) - 257/(-4). Let z = l + -43. Is z prime?
False
Let g(m) = -3*m - 5. Let u be g(-8). Suppose 0*l = l - u. Is l a prime number?
True
Let s = 392 + -159. Is s prime?
True
Suppose 4*z - 5*z = -82. Suppose -4*d + z = -42. Is d a prime number?
True
Suppose 0 = 5*b + x, -x = 4*x. Suppose n = 3*a - 6*a + 176, -3*a - 6 = b. Suppose -5*t = -473 - n. Is t a composite number?
False
Suppose -2*b = -5*b + 4*k + 6, 2*k = -6. Is (33/44)/(b/(-296)) a prime number?
False
Let n(z) = -z**3 - 4*z**2 - 3*z + 2. Let t be n(-3). Suppose 3*q + t*d = -0*d - 23, 5*q + 29 = -d. Is ((-55)/q)/((-1)/(-3)) a composite number?
True
Suppose 5*g - 5*a = -600, 4*g + 2*a + 508 = -a. Let n = 247 + g. Suppose 0 = -3*j + n - 18. Is j a composite number?
True
Suppose -3*m + 2*s = -170 - 949, 2*s = 0. Is m composite?
False
Let o = -12 - -15. Suppose o*l + 303 = 4*z + 2*l, 4*z + 5*l = 333. Is z a prime number?
False
Let g = -295 - -185. Let k = g + 163. Is k prime?
True
Suppose i = -55 + 260. Suppose o = -4*o - i. Let s = 21 - o. Is s prime?
False
Let i be (9/15)/(2/10). Is 18/(-12)*(-70)/i composite?
True
Let c(m) be the second derivative of -m**5/10 - m**4/12 - m**3/3 + m**2 - 2*m. Is c(-3) composite?
False
Let p = 45 - 12. Is p composite?
True
Let x(r) = -3 - 2 - 2*r + 10*r. Let m be (-1 - -5) + 5/5. Is x(m) prime?
False
Let d(g) = -g**2 + g - 7. Let v be d(0). Let t(l) = 6*l + 1. Let o(k) = -k**2 - 6*k - 2. Let i(y) = v*t(y) - 6*o(y). Is i(4) prime?
False
Let y(v) = 2*v - 3. Let g be ((-2)/(-1))/((-5)/(-10)). Let t be y(g). Let j = t + 2. Is j prime?
True
Let u be 0 - (-4)/(8/1670). Suppose b = 6*b - u. Is b a prime number?
True
Let o be ((-8)/10)/(4/(-10)). Suppose -o*g - 5*n + 455 = 0, n - 4*n - 871 = -4*g. Suppose g = 5*y - y. Is y composite?
True
Let p be (182/(-49))/((-2)/14). Let n = 513 - p. Is n composite?
False
Let n = 298 + -149. Is n a prime number?
True
Let a = -376 + 905. Is a composite?
True
Suppose 2*j = -d - 2*d + 49, -2*j = 5*d - 55. Let t = j + -32. Let g = t + 22. Is g composite?
True
Let i = -306 + 580. Is i a prime number?
False
Suppose -z = -5*z + 1364. Suppose k + k - 3*h - z = 0, 2*h - 316 = -2*k. Is k prime?
True
Suppose 4*z - 9948 = -4*u, 7 = -4*z - 9. Is u a composite number?
True
Let b(s) = 111*s**2 - s - 1. Let o be b(-1). Is ((-8)/(-12))/(2/o) composite?
False
Let l = 74 - -75. Is l a composite number?
False
Let g = -1735 - -2669. Let s = g - 537. Suppose 3*i = -5*n + 232, i - 6*i = -2*n - s. Is i a prime number?
True
Suppose 729 = 5*q + 94. Is q a composite number?
False
Suppose 4*q + 3 = 43. Let b = q - 2. Is ((-12)/b)/(1/(-34)) a prime number?
False
Let l(o) = -o**2 - 6*o - 5. Let n be l(-4). Suppose -n*s = -7*s + 12. Suppose 2*v - s*v = 5*h - 45, -4*v + 4*h + 132 = 0. Is v composite?
True
Suppose 5*a = -q + 2392 - 210, -2*q = -3*a + 1304. Suppose -5*x + a = 16. Is x + -1 - 0/1 prime?
True
Is (-2 - (-2 - 1))*1655 a composite number?
True
Suppose 2*l + 2 = 3*f + 8, 0 = 4*l + 5*f - 34. Let t = 8 - l. Suppose -t*x = -215 - 75. Is x a prime number?
False
Suppose 5*r - 4*a = 972, -a = -5*r + 2*a + 974. Suppose 4*k = -0*k + r. Is k composite?
True
Let f(p) = 4*p**2 - 4*p + 7. Is f(6) composite?
False
Let d = -57 - -154. Is d a composite number?
False
Suppose -f - f + 530 = 0. Is f 